{"id":3,"date":"2023-06-27T12:28:34","date_gmt":"2023-06-27T12:28:34","guid":{"rendered":"https:\/\/new2.d-ars.style\/?page_id=3"},"modified":"2023-08-02T08:18:36","modified_gmt":"2023-08-02T08:18:36","slug":"privacy-policy","status":"publish","type":"page","link":"https:\/\/d-ars.style\/index.php\/privacy-policy\/","title":{"rendered":"Privacy Policy"},"content":{"rendered":"\n<h2 class=\"wp-block-heading\">Informativa ai sensi dell\u2019art. 13 del Regolamento europeo 679\/2016<\/h2>\n\n\n\n<p><br>Ai sensi dell\u2019art. 13 del Regolamento europeo (UE) 2016\/679 (di seguito GDPR), e in relazione ai dati personali di cui la societ\u00e0 entrer\u00e0 nella disponibilit\u00e0 con l\u2019espletamento dell\u2019incarico, Le comunichiamo quanto segue:<\/p>\n\n\n\n<h3 class=\"wp-block-heading\">Titolare del trattamento e responsabile della protezione dei dati personali<\/h3>\n\n\n\n<p>Titolare del trattamento \u00e8 <strong>D-ARS DI CONZATO DENIS<\/strong> (P.IVA: 04431820267), con sede Via Trento Trieste, 78\/A &#8211; Cavasagra di Vedelago (TV) Il Titolare pu\u00f2 essere contattato all&#8217;indirizzo e-mail: info@d-ars.style<br>Il Titolare del trattamento ha nominato pi\u00f9 incaricati del trattamento e pi\u00f9 responsabili del trattamento per coadiuvare il titolare, il cui nominativo verr\u00e0 comunicato a richiesta. La societ\u00e0 non ha nominato un responsabile della protezione dei dati personali, non ravvisandosi i presupposti.<\/p>\n\n\n\n<p><strong>Finalit\u00e0 del trattamento dei dati<\/strong><\/p>\n\n\n\n<p>Il trattamento \u00e8 finalizzato alla corretta esecuzione dell\u2019incarico affidato. I suoi dati saranno trattati anche al fine di:<\/p>\n\n\n\n<ul class=\"wp-block-list\">\n<li>eseguire le prestazioni dettagliate nel contratto sottoscritto tra le parti;<\/li>\n\n\n\n<li>adempiere agli obblighi previsti in ambito amministrativo, fiscale e contabile;<\/li>\n\n\n\n<li>rispettare gli obblighi incombenti sulla societ\u00e0 e previsti dalla normativa vigente.<br>I dati personali potranno essere trattati a mezzo, sia di archivi cartacei, che informatici (ivi compresi dispositivi portatili) e trattati con modalit\u00e0 strettamente necessarie a far fronte alle finalit\u00e0 sopra indicate.<\/li>\n<\/ul>\n\n\n\n<p><strong>Base giuridica del trattamento<\/strong><\/p>\n\n\n\n<p>La societ\u00e0 tratta i Suoi dati personali lecitamente, laddove il trattamento sia necessario all\u2019esecuzione dell&#8217;incarico affidato, sulla base di un contratto sottoscritto tra le parti, ovvero per adempiere un obbligo legale nonch\u00e8, laddove sia basato sul consenso espresso, per tutte le finalit\u00e0 ulteriori.<\/p>\n\n\n\n<p><strong>Conseguenze della mancata comunicazione dei dati personali<\/strong><\/p>\n\n\n\n<p>Con riguardo ai dati personali relativi all&#8217;esecuzione del conferimento incarico di cui Lei \u00e8 parte o relativi all&#8217;adempimento ad un obbligo normativo (ad esempio gli adempimenti legati alla tenuta delle scritture contabili e fiscali), la mancata comunicazione dei dati personali impedisce il perfezionarsi del rapporto contrattuale stesso.<\/p>\n\n\n\n<p><strong>Conservazione dei dati<\/strong><\/p>\n\n\n\n<p>I Suoi dati personali, oggetto di trattamento per le finalit\u00e0 sopra indicate, saranno conservati per il periodo di durata della prestazione richiesta e, successivamente, per il tempo in cui permangano obblighi di conservazione per finalit\u00e0 fiscali o per altre finalit\u00e0, previsti da norme di legge o regolamento. Il titolare del trattamento non trasferisce i dati personali in paesi terzi o a organizzazioni internazionali. Tuttavia, si riserva la possibilit\u00e0 di utilizzare servizi in cloud, nel qual caso, i fornitori saranno selezionati tra coloro dotati di garanzie adeguate, ex art. 46 Reg.UE 679\/2016.<\/p>\n\n\n\n<p><strong>Comunicazione dei dati<\/strong><\/p>\n\n\n\n<p>I Suoi dati personali potranno essere comunicati a:<\/p>\n\n\n\n<ol class=\"wp-block-list\">\n<li>consulenti e commercialisti o legali per adempimenti contabili\/fiscali o tutela dei diritti contrattuali (es. il commercialista e il consulente del lavoro, responsabili del trattamento);<\/li>\n\n\n\n<li>istituti bancari che eroghino prestazioni funzionali a pagamenti, incassi, rimborsi connessi alla prestazione contrattuale;<\/li>\n\n\n\n<li>soggetti che elaborano i dati in esecuzione di specifici obblighi di legge o per contratto (es. dipendenti e collaboratori, incaricati del trattamento);<\/li>\n\n\n\n<li>Autorit\u00e0 giudiziarie o amministrative, per l\u2019adempimento degli obblighi di legge.<\/li>\n<\/ol>\n\n\n\n<p><strong>Violazione dei dati personali (Data Breach)<\/strong><\/p>\n\n\n\n<p>Il Titolare del trattamento si impegna a comunicare senza ritardo dall\u2019avvenuta rilevazione, ogni violazione (la perdita, la diffusione o compromissione) dei dati personali raccolti. Tale comunicazione avverr\u00e0 in primo luogo all\u2019autorit\u00e0 garante competente, e sussistendo le condizioni di cui all&#8217;art. 34, anche ai diretti interessati.<\/p>\n\n\n\n<p><strong>Profilazione e Diffusione dei dati<\/strong><\/p>\n\n\n\n<p>I Suoi dati personali non sono soggetti a diffusione, n\u00e9 ad alcun processo decisionale interamente automatizzato, ivi compresa la profilazione, salvo il rilascio di espresso e specifico consenso scritto.<\/p>\n\n\n\n<p><strong>Diritti dell\u2019interessato<\/strong><\/p>\n\n\n\n<p>Tra i diritti a Lei riconosciuti dal GDPR rientrano quelli di:<\/p>\n\n\n\n<ul class=\"wp-block-list\">\n<li>chiedere l&#8217;accesso ai Suoi dati personali ed alle informazioni relative agli stessi; la rettifica dei dati inesatti o l&#8217;integrazione di quelli incompleti; la cancellazione dei dati personali che La riguardano (al verificarsi di una delle condizioni indicate nell&#8217;art. 17, paragrafo 1 del GDPR e nel rispetto delle eccezioni previste nel paragrafo 3 dello stesso articolo); la limitazione del trattamento dei Suoi dati personali (al ricorrere di una delle ipotesi indicate nell&#8217;art. 18, paragrafo 1 del GDPR);<\/li>\n\n\n\n<li>richiedere ed ottenere &#8211; nelle ipotesi in cui la base giuridica del trattamento sia il contratto o il consenso, e lo stesso sia effettuato con mezzi automatizzati &#8211; i Suoi dati personali in un formato strutturato e leggibile da dispositivo automatico, anche al fine di comunicare tali dati ad un altro titolare del trattamento (c.d. diritto alla portabilit\u00e0 dei dati personali);<\/li>\n\n\n\n<li>opporsi in qualsiasi momento al trattamento dei Suoi dati personali;<\/li>\n\n\n\n<li>revocare il consenso in qualsiasi momento, limitatamente alle ipotesi in cui il trattamento sia basato sul Suo consenso per una o pi\u00f9 specifiche finalit\u00e0 e riguardi dati personali comuni (ad esempio data e luogo di nascita o luogo di residenza), oppure particolari categorie di dati (ad esempio dati che rivelano la Sua origine razziale, le Sue opinioni politiche, le Sue convinzioni religiose, lo stato di salute o la vita sessuale). Il trattamento basato sul consenso ed effettuato antecedentemente alla revoca dello stesso conserva, comunque, la sua liceit\u00e0;<\/li>\n\n\n\n<li>proporre reclamo ad un\u2019autorit\u00e0 di controllo, qualora ritenga che il trattamento che La riguarda violi la disciplina in materia di protezione dei dati personali (Autorit\u00e0 Garante per la protezione dei dati personali \u2013 protocollo@pec.gpdp.it).<\/li>\n<\/ul>\n","protected":false},"excerpt":{"rendered":"<p>Informativa ai sensi dell\u2019art. 13 del Regolamento europeo 679\/2016 Ai sensi dell\u2019art. 13 del Regolamento europeo (UE) 2016\/679 (di seguito GDPR), e in relazione ai dati personali di cui la&#8230;<\/p>\n","protected":false},"author":1,"featured_media":0,"parent":0,"menu_order":0,"comment_status":"closed","ping_status":"closed","template":"","meta":{"footnotes":""},"class_list":["post-3","page","type-page","status-publish"],"yoast_head":"<!-- This site is optimized with the Yoast SEO plugin v23.9 - https:\/\/yoast.com\/wordpress\/plugins\/seo\/ -->\n<title>Privacy Policy - D-ARS STYLE<\/title>\n<meta name=\"robots\" content=\"index, follow, max-snippet:-1, max-image-preview:large, max-video-preview:-1\" \/>\n<link rel=\"canonical\" href=\"https:\/\/d-ars.style\/index.php\/privacy-policy\/\" \/>\n<meta property=\"og:locale\" content=\"it_IT\" \/>\n<meta property=\"og:type\" content=\"article\" \/>\n<meta property=\"og:title\" content=\"Privacy Policy - D-ARS STYLE\" \/>\n<meta property=\"og:description\" content=\"Informativa ai sensi dell\u2019art. 13 del Regolamento europeo 679\/2016 Ai sensi dell\u2019art. 13 del Regolamento europeo (UE) 2016\/679 (di seguito GDPR), e in relazione ai dati personali di cui la...\" \/>\n<meta property=\"og:url\" content=\"https:\/\/d-ars.style\/index.php\/privacy-policy\/\" \/>\n<meta property=\"og:site_name\" content=\"D-ARS STYLE\" \/>\n<meta property=\"article:modified_time\" content=\"2023-08-02T08:18:36+00:00\" \/>\n<meta name=\"twitter:card\" content=\"summary_large_image\" \/>\n<meta name=\"twitter:label1\" content=\"Tempo di lettura stimato\" \/>\n\t<meta name=\"twitter:data1\" content=\"4 minuti\" \/>\n<script type=\"application\/ld+json\" class=\"yoast-schema-graph\">{\"@context\":\"https:\/\/schema.org\",\"@graph\":[{\"@type\":\"WebPage\",\"@id\":\"https:\/\/d-ars.style\/index.php\/privacy-policy\/\",\"url\":\"https:\/\/d-ars.style\/index.php\/privacy-policy\/\",\"name\":\"Privacy Policy - D-ARS STYLE\",\"isPartOf\":{\"@id\":\"https:\/\/d-ars.style\/#website\"},\"datePublished\":\"2023-06-27T12:28:34+00:00\",\"dateModified\":\"2023-08-02T08:18:36+00:00\",\"breadcrumb\":{\"@id\":\"https:\/\/d-ars.style\/index.php\/privacy-policy\/#breadcrumb\"},\"inLanguage\":\"it-IT\",\"potentialAction\":[{\"@type\":\"ReadAction\",\"target\":[\"https:\/\/d-ars.style\/index.php\/privacy-policy\/\"]}]},{\"@type\":\"BreadcrumbList\",\"@id\":\"https:\/\/d-ars.style\/index.php\/privacy-policy\/#breadcrumb\",\"itemListElement\":[{\"@type\":\"ListItem\",\"position\":1,\"name\":\"Home\",\"item\":\"https:\/\/d-ars.style\/\"},{\"@type\":\"ListItem\",\"position\":2,\"name\":\"Privacy Policy\"}]},{\"@type\":\"WebSite\",\"@id\":\"https:\/\/d-ars.style\/#website\",\"url\":\"https:\/\/d-ars.style\/\",\"name\":\"D-ARS STYLE\",\"description\":\"Design &amp; Innovation\",\"publisher\":{\"@id\":\"https:\/\/d-ars.style\/#organization\"},\"potentialAction\":[{\"@type\":\"SearchAction\",\"target\":{\"@type\":\"EntryPoint\",\"urlTemplate\":\"https:\/\/d-ars.style\/?s={search_term_string}\"},\"query-input\":{\"@type\":\"PropertyValueSpecification\",\"valueRequired\":true,\"valueName\":\"search_term_string\"}}],\"inLanguage\":\"it-IT\"},{\"@type\":\"Organization\",\"@id\":\"https:\/\/d-ars.style\/#organization\",\"name\":\"D-ARS STYLE\",\"url\":\"https:\/\/d-ars.style\/\",\"logo\":{\"@type\":\"ImageObject\",\"inLanguage\":\"it-IT\",\"@id\":\"https:\/\/d-ars.style\/#\/schema\/logo\/image\/\",\"url\":\"https:\/\/d-ars.style\/wp-content\/uploads\/2023\/06\/Logo-cut.png\",\"contentUrl\":\"https:\/\/d-ars.style\/wp-content\/uploads\/2023\/06\/Logo-cut.png\",\"width\":4022,\"height\":1150,\"caption\":\"D-ARS STYLE\"},\"image\":{\"@id\":\"https:\/\/d-ars.style\/#\/schema\/logo\/image\/\"}}]}<\/script>\n<!-- \/ Yoast SEO plugin. -->","yoast_head_json":{"title":"Privacy Policy - D-ARS STYLE","robots":{"index":"index","follow":"follow","max-snippet":"max-snippet:-1","max-image-preview":"max-image-preview:large","max-video-preview":"max-video-preview:-1"},"canonical":"https:\/\/d-ars.style\/index.php\/privacy-policy\/","og_locale":"it_IT","og_type":"article","og_title":"Privacy Policy - D-ARS STYLE","og_description":"Informativa ai sensi dell\u2019art. 13 del Regolamento europeo 679\/2016 Ai sensi dell\u2019art. 13 del Regolamento europeo (UE) 2016\/679 (di seguito GDPR), e in relazione ai dati personali di cui la...","og_url":"https:\/\/d-ars.style\/index.php\/privacy-policy\/","og_site_name":"D-ARS STYLE","article_modified_time":"2023-08-02T08:18:36+00:00","twitter_card":"summary_large_image","twitter_misc":{"Tempo di lettura stimato":"4 minuti"},"schema":{"@context":"https:\/\/schema.org","@graph":[{"@type":"WebPage","@id":"https:\/\/d-ars.style\/index.php\/privacy-policy\/","url":"https:\/\/d-ars.style\/index.php\/privacy-policy\/","name":"Privacy Policy - D-ARS STYLE","isPartOf":{"@id":"https:\/\/d-ars.style\/#website"},"datePublished":"2023-06-27T12:28:34+00:00","dateModified":"2023-08-02T08:18:36+00:00","breadcrumb":{"@id":"https:\/\/d-ars.style\/index.php\/privacy-policy\/#breadcrumb"},"inLanguage":"it-IT","potentialAction":[{"@type":"ReadAction","target":["https:\/\/d-ars.style\/index.php\/privacy-policy\/"]}]},{"@type":"BreadcrumbList","@id":"https:\/\/d-ars.style\/index.php\/privacy-policy\/#breadcrumb","itemListElement":[{"@type":"ListItem","position":1,"name":"Home","item":"https:\/\/d-ars.style\/"},{"@type":"ListItem","position":2,"name":"Privacy Policy"}]},{"@type":"WebSite","@id":"https:\/\/d-ars.style\/#website","url":"https:\/\/d-ars.style\/","name":"D-ARS STYLE","description":"Design &amp; Innovation","publisher":{"@id":"https:\/\/d-ars.style\/#organization"},"potentialAction":[{"@type":"SearchAction","target":{"@type":"EntryPoint","urlTemplate":"https:\/\/d-ars.style\/?s={search_term_string}"},"query-input":{"@type":"PropertyValueSpecification","valueRequired":true,"valueName":"search_term_string"}}],"inLanguage":"it-IT"},{"@type":"Organization","@id":"https:\/\/d-ars.style\/#organization","name":"D-ARS STYLE","url":"https:\/\/d-ars.style\/","logo":{"@type":"ImageObject","inLanguage":"it-IT","@id":"https:\/\/d-ars.style\/#\/schema\/logo\/image\/","url":"https:\/\/d-ars.style\/wp-content\/uploads\/2023\/06\/Logo-cut.png","contentUrl":"https:\/\/d-ars.style\/wp-content\/uploads\/2023\/06\/Logo-cut.png","width":4022,"height":1150,"caption":"D-ARS STYLE"},"image":{"@id":"https:\/\/d-ars.style\/#\/schema\/logo\/image\/"}}]}},"_links":{"self":[{"href":"https:\/\/d-ars.style\/index.php\/wp-json\/wp\/v2\/pages\/3","targetHints":{"allow":["GET"]}}],"collection":[{"href":"https:\/\/d-ars.style\/index.php\/wp-json\/wp\/v2\/pages"}],"about":[{"href":"https:\/\/d-ars.style\/index.php\/wp-json\/wp\/v2\/types\/page"}],"author":[{"embeddable":true,"href":"https:\/\/d-ars.style\/index.php\/wp-json\/wp\/v2\/users\/1"}],"replies":[{"embeddable":true,"href":"https:\/\/d-ars.style\/index.php\/wp-json\/wp\/v2\/comments?post=3"}],"version-history":[{"count":2,"href":"https:\/\/d-ars.style\/index.php\/wp-json\/wp\/v2\/pages\/3\/revisions"}],"predecessor-version":[{"id":1052,"href":"https:\/\/d-ars.style\/index.php\/wp-json\/wp\/v2\/pages\/3\/revisions\/1052"}],"wp:attachment":[{"href":"https:\/\/d-ars.style\/index.php\/wp-json\/wp\/v2\/media?parent=3"}],"curies":[{"name":"wp","href":"https:\/\/api.w.org\/{rel}","templated":true}]}}

<h2 class="wp-block-heading">Informativa ai sensi dell’art. 13 del Regolamento europeo 679/2016</h2>



<p><br>Ai sensi dell’art. 13 del Regolamento europeo (UE) 2016/679 (di seguito GDPR), e in relazione ai dati personali di cui la società entrerà nella disponibilità con l’espletamento dell’incarico, Le comunichiamo quanto segue:</p>



<h3 class="wp-block-heading">Titolare del trattamento e responsabile della protezione dei dati personali</h3>



<p>Titolare del trattamento è <strong>D-ARS DI CONZATO DENIS</strong> (P.IVA: 04431820267), con sede Via Trento Trieste, 78/A &#8211; Cavasagra di Vedelago (TV) Il Titolare può essere contattato all&#8217;indirizzo e-mail: info@d-ars.style<br>Il Titolare del trattamento ha nominato più incaricati del trattamento e più responsabili del trattamento per coadiuvare il titolare, il cui nominativo verrà comunicato a richiesta. La società non ha nominato un responsabile della protezione dei dati personali, non ravvisandosi i presupposti.</p>



<p><strong>Finalità del trattamento dei dati</strong></p>



<p>Il trattamento è finalizzato alla corretta esecuzione dell’incarico affidato. I suoi dati saranno trattati anche al fine di:</p>



<ul class="wp-block-list">
<li>eseguire le prestazioni dettagliate nel contratto sottoscritto tra le parti;</li>



<li>adempiere agli obblighi previsti in ambito amministrativo, fiscale e contabile;</li>



<li>rispettare gli obblighi incombenti sulla società e previsti dalla normativa vigente.<br>I dati personali potranno essere trattati a mezzo, sia di archivi cartacei, che informatici (ivi compresi dispositivi portatili) e trattati con modalità strettamente necessarie a far fronte alle finalità sopra indicate.</li>
</ul>



<p><strong>Base giuridica del trattamento</strong></p>



<p>La società tratta i Suoi dati personali lecitamente, laddove il trattamento sia necessario all’esecuzione dell&#8217;incarico affidato, sulla base di un contratto sottoscritto tra le parti, ovvero per adempiere un obbligo legale nonchè, laddove sia basato sul consenso espresso, per tutte le finalità ulteriori.</p>



<p><strong>Conseguenze della mancata comunicazione dei dati personali</strong></p>



<p>Con riguardo ai dati personali relativi all&#8217;esecuzione del conferimento incarico di cui Lei è parte o relativi all&#8217;adempimento ad un obbligo normativo (ad esempio gli adempimenti legati alla tenuta delle scritture contabili e fiscali), la mancata comunicazione dei dati personali impedisce il perfezionarsi del rapporto contrattuale stesso.</p>



<p><strong>Conservazione dei dati</strong></p>



<p>I Suoi dati personali, oggetto di trattamento per le finalità sopra indicate, saranno conservati per il periodo di durata della prestazione richiesta e, successivamente, per il tempo in cui permangano obblighi di conservazione per finalità fiscali o per altre finalità, previsti da norme di legge o regolamento. Il titolare del trattamento non trasferisce i dati personali in paesi terzi o a organizzazioni internazionali. Tuttavia, si riserva la possibilità di utilizzare servizi in cloud, nel qual caso, i fornitori saranno selezionati tra coloro dotati di garanzie adeguate, ex art. 46 Reg.UE 679/2016.</p>



<p><strong>Comunicazione dei dati</strong></p>



<p>I Suoi dati personali potranno essere comunicati a:</p>



<ol class="wp-block-list">
<li>consulenti e commercialisti o legali per adempimenti contabili/fiscali o tutela dei diritti contrattuali (es. il commercialista e il consulente del lavoro, responsabili del trattamento);</li>



<li>istituti bancari che eroghino prestazioni funzionali a pagamenti, incassi, rimborsi connessi alla prestazione contrattuale;</li>



<li>soggetti che elaborano i dati in esecuzione di specifici obblighi di legge o per contratto (es. dipendenti e collaboratori, incaricati del trattamento);</li>



<li>Autorità giudiziarie o amministrative, per l’adempimento degli obblighi di legge.</li>
</ol>



<p><strong>Violazione dei dati personali (Data Breach)</strong></p>



<p>Il Titolare del trattamento si impegna a comunicare senza ritardo dall’avvenuta rilevazione, ogni violazione (la perdita, la diffusione o compromissione) dei dati personali raccolti. Tale comunicazione avverrà in primo luogo all’autorità garante competente, e sussistendo le condizioni di cui all&#8217;art. 34, anche ai diretti interessati.</p>



<p><strong>Profilazione e Diffusione dei dati</strong></p>



<p>I Suoi dati personali non sono soggetti a diffusione, né ad alcun processo decisionale interamente automatizzato, ivi compresa la profilazione, salvo il rilascio di espresso e specifico consenso scritto.</p>



<p><strong>Diritti dell’interessato</strong></p>



<p>Tra i diritti a Lei riconosciuti dal GDPR rientrano quelli di:</p>



<ul class="wp-block-list">
<li>chiedere l&#8217;accesso ai Suoi dati personali ed alle informazioni relative agli stessi; la rettifica dei dati inesatti o l&#8217;integrazione di quelli incompleti; la cancellazione dei dati personali che La riguardano (al verificarsi di una delle condizioni indicate nell&#8217;art. 17, paragrafo 1 del GDPR e nel rispetto delle eccezioni previste nel paragrafo 3 dello stesso articolo); la limitazione del trattamento dei Suoi dati personali (al ricorrere di una delle ipotesi indicate nell&#8217;art. 18, paragrafo 1 del GDPR);</li>



<li>richiedere ed ottenere &#8211; nelle ipotesi in cui la base giuridica del trattamento sia il contratto o il consenso, e lo stesso sia effettuato con mezzi automatizzati &#8211; i Suoi dati personali in un formato strutturato e leggibile da dispositivo automatico, anche al fine di comunicare tali dati ad un altro titolare del trattamento (c.d. diritto alla portabilità dei dati personali);</li>



<li>opporsi in qualsiasi momento al trattamento dei Suoi dati personali;</li>



<li>revocare il consenso in qualsiasi momento, limitatamente alle ipotesi in cui il trattamento sia basato sul Suo consenso per una o più specifiche finalità e riguardi dati personali comuni (ad esempio data e luogo di nascita o luogo di residenza), oppure particolari categorie di dati (ad esempio dati che rivelano la Sua origine razziale, le Sue opinioni politiche, le Sue convinzioni religiose, lo stato di salute o la vita sessuale). Il trattamento basato sul consenso ed effettuato antecedentemente alla revoca dello stesso conserva, comunque, la sua liceità;</li>



<li>proporre reclamo ad un’autorità di controllo, qualora ritenga che il trattamento che La riguarda violi la disciplina in materia di protezione dei dati personali (Autorità Garante per la protezione dei dati personali – protocollo@pec.gpdp.it).</li>
</ul>
